to base 2
1010011101001100110100
7b9bc8 (base 14) to base 6
230154552
Convert -23315506 (base 7) to base 13.
-56c392
-1223123 (base 5) to base 14
-8814
Convert 1101001001001010 (base 2) to base 5.
3210314
Convert 112221211 (base 5) to base 11.
317479
Convert 48ba15 (base 12) to base 7.
13021064
-9aa02 (base 13) to base 11
-1819a2
Convert -1c1080 (base 13) to base 6.
-23204154
Convert -132033421 (base 5) to base 8.
-2406263
572933 (base 10) to base 15
b4b58
-1111303102 (base 4) to base 8
-1256322
What is 746708 (base 9) in base 3?
211120210022
What is -d2fb54 (base 16) in base 7?
-225345443
10111100011000111 (base 2) to base 4
113203013
Convert -202811 (base 14) to base 2.
-100001000010101011111
33112222 (base 4) to base 3
10012021021
Convert 3223410 (base 5) to base 11.
38239
Convert -2342611 (base 8) to base 3.
-1012112110021
1111110010110011001101 (base 2) to base 11
2378692
Convert 110102002211 (base 3) to base 4.
323221003
8560512 (base 10) to base 3
121002220211000
3d15a (base 14) to base 8
447234
Convert -3353161 (base 7) to base 14.
-abad8
Convert -19079 (base 15) to base 14.
-217bc
Convert 67453 (base 11) to base 2.
10111110110101001
Convert 29381 (base 15) to base 11.
90543
What is -2000303 (base 4) in base 6?
-102055
-662a8 (base 12) to base 11
-9263a
Convert -147581 (base 9) to base 2.
-10110001011111010
-21362124 (base 7) to base 12
-743263
Convert 492049 (base 13) to base 6.
101234244
What is -6537527 (base 11) in base 10?
-11488495
What is 1001100011111000 (base 2) in base 11?
27470
What is -2121022121 (base 3) in base 15?
-102c7
What is -244210243 (base 6) in base 2?
-10001110111001100110011
What is 5950327 (base 10) in base 6?
331311451
-72832 (base 14) to base 15
-56bac
Convert -aaaa3a (base 11) to base 15.
-24ed3d
What is -121822 (base 12) in base 7?
-2330561
-21446571 (base 9) to base 15
-d9b027
231030 (base 6) to base 10
19674
10111010001010111 (base 2) to base 4
113101113
Convert -101010000022 (base 3) to base 9.
-333008
-587807 (base 10) to base 5
-122302212
Convert -730 (base 10) to base 14.
-3a2
What is -10001111011101101100 (base 2) in base 12?
-244090
Convert 4779143 (base 12) to base 16.
d34883
Convert -2451221 (base 6) to base 5.
-13144242
144484 (base 9) to base 8
255041
What is 478568 (base 11) in base 7?
6304652
What is b237 (base 13) in base 10?
24551
Convert -271241 (base 8) to base 13.
-34257
4539a (base 11) to base 9
110100
Convert -81a85 (base 12) to base 13.
-5bcc1
Convert 10616630 (base 9) to base 6.
302204343
10122120201001 (base 3) to base 2
111011001101110011111
Convert -12010120200 (base 3) to base 2.
-11000101010100001
Convert 10011202221210 (base 3) to base 7.
20231151
Convert -243524425 (base 6) to base 13.
-c72965
-14102255 (base 10) to base 16
-d72eef
-453e4 (base 15) to base 8
-656150
a0947 (base 13) to base 5
33142230
-14812a7 (base 11) to base 13
-6a986c
-32300133233 (base 4) to base 9
-7245715
-185b58 (base 15) to base 3
-2020010212202
What is a04f78 (base 16) in base 3?
201202202122222
Convert -896420 (base 12) to base 16.
-2163d8
What is -284277 (base 10) in base 11?
-184644
Convert 1140995 (base 10) to base 16.
116903
Convert 1002110222202110 (base 3) to base 4.
323301010203
What is 2887869 (base 10) in base 8?
13010275
-3520400 (base 9) to base 12
-779346
-30807 (base 9) to base 10
-20338
What is 284457 (base 11) in base 3?
211121120012
2220049 (base 10) to base 9
4153301
Convert -2932690 (base 11) to base 13.
-1076058
-1332651 (base 7) to base 11
-1104a3
Convert -e08a1d (base 15) to base 11.
-602145a
Convert 50a4b (base 12) to base 11.
72028
-121111101200200 (base 3) to base 7
-134341656
Convert 10030210 (base 5) to base 8.
234267
What is -a751b (base 12) in base 3?
-102012001112
What is -1115531 (base 10) in base 2?
-100010000010110001011
What is 244203040 (base 5) in base 16?
11be8f
-143032230 (base 5) to base 12
-303366
What is -11101011011010110 (base 2) in base 7?
-1011261
What is 1202351 (base 6) in base 16?
f53b
1779481 (base 12) to base 3
100012101200221
44674 (base 13) to base 11
852a6
Convert 100111100011000100 (base 2) to base 10.
161988
Convert -574bc9 (base 13) to base 3.
-10220000200010
Convert 41501 (base 9) to base 8.
65363
-13abbe (base 15) to base 8
-3472706
What is 241030211 (base 5) in base 9?
2073374
-24304231 (base 5) to base 4
-313311103
-1a3448 (base 11) to base 8
-1141266
Convert 61a64 (base 12) to base 11.
87a05
What is 63b915 (base 13) in base 5?
1044323042
Convert 10124 (base 9) to base 11.
5009
Convert -21673 (base 16) to base 12.
-67217
1257455 (base 8) to base 15
6e49a
Convert -350521534 (base 6) to base 15.
-8801cd
-3555e (base 16) to base 3
-102002200012
What is 111100110000111011010011 (base 2) in base 9?
32867476
Convert -1172c11 (base 15) to base 9.
-25482677
-390022 (base 11) to base 10
-614946
-452663 (base 7) to base 9
-132075
What is -31300231222 (base 4) in base 12?
-125b74a
Convert -56d73 (base 16) to base 3.
-200001221001
-32114212 (base 6) to base 11
-594657
What is -1012123131 (base 5) in base 10?
-2067291
What is 1405557 (base 9) in base 14?
161363
-89014 (base 11) to base 3
-20120010022
What is -28729ca (base 13) in base 9?
-26124362
What is 10101101020 (base 3) in base 12?
32673
What is 84ab44 (base 12) in base 15?
2b5011
197775 (base 11) to base 9
511650
What is -6cc3 (base 16) in base 12?
-14143
What is 3477771 (base 9) in base 2?
111001011100001000100
Convert 1111000001100111111111 (base 2) to base 5.
2002020230
Convert -37641 (base 8) to base 3.
-211100022
Convert -23123310 (base 4) to base 16.
-b6f4
Convert -3a83a5 (base 12) to base 7.
-11141564
Convert 790612 (base 10) to base 13.
218b24
5406021 (base 8) to base 15
1d81a6
Convert 224c80 (base 14) to base 12.
482880
What is -10000101000010100 (base 2) in base 7?
-402406
What is -19643b (base 14) in base 9?
-1622675
Convert -23158 (base 9) to base 5.
-443233
Convert -11000100100101 (base 2) to base 5.
-400311
Convert 315710 (base 15) to base 6.
122150423
1076330 (base 9) to base 5
122111022
Convert 110110110100111101001 (base 2) to base 5.
424442320
What is 1c1b3b (base 14) in base 9?
1788818
Convert -1c91b86 (base 13) to base 10.
-9543540
11001111010100100 (base 2) to base 9
171542
What is 3653 (base 10) in base 7?
13436
-51413010 (base 6) to base 16
-1692de
What is 112033102012 (base 4) in base 16?
58f486
Convert 1024901 (base 10) to base 4.
3322032011
200300402 (base 5) to base 4
3001003013
What is 201122221002 (base 3) in base 9?
648832
a98259 (base 13) to base 11
2284245
What is -42415203 (base 6) in base 4?
-10300112103
Convert 83631 (base 9) to base 4.
31132111
Convert 5564601 (base 7) to base 13.
1b1413
5132404 (base 6) to base 3
110110210111
573273 (base 8) to base 11
122a28
Convert -185363 (base 14) to base 5.
-210001142
What is 22920 (base 12) in base 11?
31824
-50c4c (base 15) to base 11
-165294
Convert -131313113 (base 4) to base 6.
-2342155
Convert 1100110011100000100 (base 2) to base 6.
12554312
Convert 2020020002202 (base 3) to base 15.
186388
What is 10101111010011 (base 2) in base 10?
11219
-11010010001111001 (base 2) to base 11
-73966
Convert 4b1906 (base 16) to base 4.
102301210012
Convert 547064 (base 8) to base 16.
2ce34
-3b2b6 (base 14) to base 16
-23a40
400083 (base 11) to base 5
131104140
-35a2a0 (base 12) to base 10
-867864
What is b4b23 (base 12) in base 15?
4a199
-1a91b (base 12) to base 7
-222452
552bc (base 13) to base 14
40323
Convert 571aa6 (base 12) to base 4.
11103333132
Convert -130310102 (base 4) to base 6.
-2310242
What is 121102202010 (base 3) in base 14?
85c66
Convert -23a40 (base 13) to base 3.
-10022210021
42140320 (base 5) to base 3
122202100222
346355 (base 11) to base 4
2012103232
Convert 3466c (base 14) to base 6.
2422132
22604410 (base 7) to base 11
1136235
What is -1000010010110000000111 (base 2) in base 5?
-1024031314
What is 3314221 (base 5) in base 13?
201b2
What is 110100110100111111 (base 2) in base 9?
358735
-1343301 (base 5) to base 4
-12310233
What is -101011101110110000111 (base 2) in base 14?
-29430b
What is 6476245 (base 9) in base 8?
15203622
1853264 (base 10) to base 16
1c4750
-12707723 (base 8) to base 2
-1010111000111111010011
What is -b974 (base 13) in base 6?
-315211
What is 521676 (base 9) in base 10?
309651
What is 14